{"id":13621,"date":"2020-07-08T15:53:31","date_gmt":"2020-07-08T15:53:31","guid":{"rendered":"http:\/\/stblog.lunaeme.com\/?page_id=13621"},"modified":"2021-08-24T14:47:17","modified_gmt":"2021-08-24T14:47:17","slug":"rd-grant","status":"publish","type":"page","link":"https:\/\/www.stratio.com\/blog\/rd-grant\/","title":{"rendered":"R+D Grant"},"content":{"rendered":"\n<div class=\"wp-block-media-text alignwide is-stacked-on-mobile\" style=\"grid-template-columns:16% auto\"><figure class=\"wp-block-media-text__media\"><img loading=\"lazy\" decoding=\"async\" width=\"142\" height=\"95\" src=\"http:\/\/blog.stratio.com\/wp-content\/uploads\/2017\/06\/flag_yellow_low-1.png\" alt=\"\" class=\"wp-image-7065 size-full\"\/><\/figure><div class=\"wp-block-media-text__content\">\n<h3 class=\"wp-block-heading\">Uni\u00f3n Europea<\/h3>\n\n\n\n<p>Fondo Social Europeo \u201cEl FSE invierte en tu futuro\u201d<\/p>\n<\/div><\/div>\n\n\n\n<figure class=\"wp-block-image size-large\"><img loading=\"lazy\" decoding=\"async\" width=\"920\" height=\"214\" src=\"http:\/\/blog.stratio.com\/wp-content\/uploads\/2017\/06\/ministerio-economia.jpg\" alt=\"\" class=\"wp-image-10669\"\/><\/figure>\n\n\n<p>Project \u201cPure Apache Spark* Open Source Big Data platform \u2013 Feasibility Study\u201d funded by Ministerio de Econom\u00eda y Competitividad (MINECO) within the call 2015 of the funding programme Horizonte Pyme, with ID number SME-2015-0465<\/p>\n<p>Proyecto \u201cStratio META\u201d y contrataciones con n\u00famero de expediente EMP-TU- 2014-3138, EMP-TU- 2014-3655 y EMP-TU- 2014-3654, y proyecto \u201cInvestigaci\u00f3n de motores de recomendaci\u00f3n para Stratio\u201d y contrataci\u00f3n con n\u00famero de expediente EMP-TU-2015-4161, financiados por el subprograma EMPLEA, dentro del Programa Estatal de Promoci\u00f3n del Talento y su Empleabilidad en el marco del Plan Estatal de Investigaci\u00f3n Cient\u00edfica, T\u00e9cnica y de Innovaci\u00f3n 2013-2016 del Ministerio de Econom\u00eda y Competitividad.<\/p>\n<p>Proyecto \u201cProcesado de series temporales sobre la arquitectura big data de Stratio\u201d y contrataci\u00f3n con n\u00famero de expediente PTQ-14- 06870 financiados por el subprograma Torres Quevedo, dentro del Programa Estatal de Promoci\u00f3n del Talento y su Empleabilidad en el marco del Plan Estatal de Investigaci\u00f3n Cient\u00edfica, T\u00e9cnica y de Innovaci\u00f3n 2013-2016 del Ministerio de Econom\u00eda y Competitividad, cofinanciado por el Fondo Social Europeo (FSE).<\/p>\n<p>Proyecto \u201cModelado de comportamiento humano mediante algoritmos de aprendizaje autom\u00e1tico aplicados a Big Data\u201d y contrataci\u00f3n con n\u00famero de expediente PTQ-15-07536, financiados por el subprograma Torres Quevedo, dentro del Programa Estatal de Promoci\u00f3n del Talento y su Empleabilidad en el marco del Plan Estatal de Investigaci\u00f3n Cient\u00edfica, T\u00e9cnica y de Innovaci\u00f3n 2013-2016 del Ministerio de Econom\u00eda y Competitividad, cofinanciado por el Fondo Social Europeo (FSE).<\/p>","protected":false},"excerpt":{"rendered":"<p>Uni\u00f3n Europea Fondo Social Europeo \u201cEl FSE invierte en tu futuro\u201d Project \u201cPure Apache Spark* Open Source Big Data platform \u2013 Feasibility Study\u201d funded by Ministerio de Econom\u00eda y Competitividad (MINECO) within the call 2015 of the funding programme Horizonte Pyme, with ID number SME-2015-0465 Proyecto \u201cStratio META\u201d y contrataciones con n\u00famero de expediente EMP-TU-<\/p>\n","protected":false},"author":1,"featured_media":0,"parent":0,"menu_order":0,"comment_status":"closed","ping_status":"closed","template":"","meta":{"footnotes":""},"yoast_head":"<!-- This site is optimized with the Yoast SEO Premium plugin v22.9 (Yoast SEO v22.9) - https:\/\/yoast.com\/wordpress\/plugins\/seo\/ -->\n<title>R+D Grant - Stratio<\/title>\n<meta name=\"robots\" content=\"noindex, nofollow\" \/>\n<meta property=\"og:locale\" content=\"en_US\" \/>\n<meta property=\"og:type\" content=\"article\" \/>\n<meta property=\"og:title\" content=\"R+D Grant\" \/>\n<meta property=\"og:description\" content=\"Uni\u00f3n Europea Fondo Social Europeo \u201cEl FSE invierte en tu futuro\u201d Project \u201cPure Apache Spark* Open Source Big Data platform \u2013 Feasibility Study\u201d funded by Ministerio de Econom\u00eda y Competitividad (MINECO) within the call 2015 of the funding programme Horizonte Pyme, with ID number SME-2015-0465 Proyecto \u201cStratio META\u201d y contrataciones con n\u00famero de expediente EMP-TU-\" \/>\n<meta property=\"og:url\" content=\"https:\/\/www.stratio.com\/blog\/rd-grant\/\" \/>\n<meta property=\"og:site_name\" content=\"Stratio\" \/>\n<meta property=\"article:modified_time\" content=\"2021-08-24T14:47:17+00:00\" \/>\n<meta property=\"og:image\" content=\"http:\/\/blog.stratio.com\/wp-content\/uploads\/2017\/06\/flag_yellow_low-1.png\" \/>\n<meta name=\"twitter:card\" content=\"summary_large_image\" \/>\n<meta name=\"twitter:site\" content=\"@stratiobd\" \/>\n<meta name=\"twitter:label1\" content=\"Est. reading time\" \/>\n\t<meta name=\"twitter:data1\" content=\"2 minutes\" \/>\n<script type=\"application\/ld+json\" class=\"yoast-schema-graph\">{\"@context\":\"https:\/\/schema.org\",\"@graph\":[{\"@type\":\"WebPage\",\"@id\":\"https:\/\/www.stratio.com\/blog\/rd-grant\/\",\"url\":\"https:\/\/www.stratio.com\/blog\/rd-grant\/\",\"name\":\"R+D Grant - Stratio\",\"isPartOf\":{\"@id\":\"https:\/\/www.stratio.com\/blog\/#website\"},\"primaryImageOfPage\":{\"@id\":\"https:\/\/www.stratio.com\/blog\/rd-grant\/#primaryimage\"},\"image\":{\"@id\":\"https:\/\/www.stratio.com\/blog\/rd-grant\/#primaryimage\"},\"thumbnailUrl\":\"http:\/\/blog.stratio.com\/wp-content\/uploads\/2017\/06\/flag_yellow_low-1.png\",\"datePublished\":\"2020-07-08T15:53:31+00:00\",\"dateModified\":\"2021-08-24T14:47:17+00:00\",\"breadcrumb\":{\"@id\":\"https:\/\/www.stratio.com\/blog\/rd-grant\/#breadcrumb\"},\"inLanguage\":\"en-US\",\"potentialAction\":[{\"@type\":\"ReadAction\",\"target\":[\"https:\/\/www.stratio.com\/blog\/rd-grant\/\"]}]},{\"@type\":\"ImageObject\",\"inLanguage\":\"en-US\",\"@id\":\"https:\/\/www.stratio.com\/blog\/rd-grant\/#primaryimage\",\"url\":\"http:\/\/blog.stratio.com\/wp-content\/uploads\/2017\/06\/flag_yellow_low-1.png\",\"contentUrl\":\"http:\/\/blog.stratio.com\/wp-content\/uploads\/2017\/06\/flag_yellow_low-1.png\"},{\"@type\":\"BreadcrumbList\",\"@id\":\"https:\/\/www.stratio.com\/blog\/rd-grant\/#breadcrumb\",\"itemListElement\":[{\"@type\":\"ListItem\",\"position\":1,\"name\":\"Home\",\"item\":\"https:\/\/www.stratio.com\/blog\/\"},{\"@type\":\"ListItem\",\"position\":2,\"name\":\"R+D Grant\"}]},{\"@type\":\"WebSite\",\"@id\":\"https:\/\/www.stratio.com\/blog\/#website\",\"url\":\"https:\/\/www.stratio.com\/blog\/\",\"name\":\"Stratio Blog\",\"description\":\"Corporate blog\",\"publisher\":{\"@id\":\"https:\/\/www.stratio.com\/blog\/#organization\"},\"potentialAction\":[{\"@type\":\"SearchAction\",\"target\":{\"@type\":\"EntryPoint\",\"urlTemplate\":\"https:\/\/www.stratio.com\/blog\/?s={search_term_string}\"},\"query-input\":\"required name=search_term_string\"}],\"inLanguage\":\"en-US\"},{\"@type\":\"Organization\",\"@id\":\"https:\/\/www.stratio.com\/blog\/#organization\",\"name\":\"Stratio\",\"url\":\"https:\/\/www.stratio.com\/blog\/\",\"logo\":{\"@type\":\"ImageObject\",\"inLanguage\":\"en-US\",\"@id\":\"https:\/\/www.stratio.com\/blog\/#\/schema\/logo\/image\/\",\"url\":\"https:\/\/stratio.com\/blog\/wp-content\/uploads\/2020\/06\/stratio-web-logo-1.png\",\"contentUrl\":\"https:\/\/stratio.com\/blog\/wp-content\/uploads\/2020\/06\/stratio-web-logo-1.png\",\"width\":260,\"height\":55,\"caption\":\"Stratio\"},\"image\":{\"@id\":\"https:\/\/www.stratio.com\/blog\/#\/schema\/logo\/image\/\"},\"sameAs\":[\"https:\/\/x.com\/stratiobd\",\"https:\/\/es.linkedin.com\/company\/stratiobd\",\"https:\/\/www.youtube.com\/c\/StratioBD\"]}]}<\/script>\n<!-- \/ Yoast SEO Premium plugin. -->","yoast_head_json":{"title":"R+D Grant - Stratio","robots":{"index":"noindex","follow":"nofollow"},"og_locale":"en_US","og_type":"article","og_title":"R+D Grant","og_description":"Uni\u00f3n Europea Fondo Social Europeo \u201cEl FSE invierte en tu futuro\u201d Project \u201cPure Apache Spark* Open Source Big Data platform \u2013 Feasibility Study\u201d funded by Ministerio de Econom\u00eda y Competitividad (MINECO) within the call 2015 of the funding programme Horizonte Pyme, with ID number SME-2015-0465 Proyecto \u201cStratio META\u201d y contrataciones con n\u00famero de expediente EMP-TU-","og_url":"https:\/\/www.stratio.com\/blog\/rd-grant\/","og_site_name":"Stratio","article_modified_time":"2021-08-24T14:47:17+00:00","og_image":[{"url":"http:\/\/blog.stratio.com\/wp-content\/uploads\/2017\/06\/flag_yellow_low-1.png"}],"twitter_card":"summary_large_image","twitter_site":"@stratiobd","twitter_misc":{"Est. reading time":"2 minutes"},"schema":{"@context":"https:\/\/schema.org","@graph":[{"@type":"WebPage","@id":"https:\/\/www.stratio.com\/blog\/rd-grant\/","url":"https:\/\/www.stratio.com\/blog\/rd-grant\/","name":"R+D Grant - Stratio","isPartOf":{"@id":"https:\/\/www.stratio.com\/blog\/#website"},"primaryImageOfPage":{"@id":"https:\/\/www.stratio.com\/blog\/rd-grant\/#primaryimage"},"image":{"@id":"https:\/\/www.stratio.com\/blog\/rd-grant\/#primaryimage"},"thumbnailUrl":"http:\/\/blog.stratio.com\/wp-content\/uploads\/2017\/06\/flag_yellow_low-1.png","datePublished":"2020-07-08T15:53:31+00:00","dateModified":"2021-08-24T14:47:17+00:00","breadcrumb":{"@id":"https:\/\/www.stratio.com\/blog\/rd-grant\/#breadcrumb"},"inLanguage":"en-US","potentialAction":[{"@type":"ReadAction","target":["https:\/\/www.stratio.com\/blog\/rd-grant\/"]}]},{"@type":"ImageObject","inLanguage":"en-US","@id":"https:\/\/www.stratio.com\/blog\/rd-grant\/#primaryimage","url":"http:\/\/blog.stratio.com\/wp-content\/uploads\/2017\/06\/flag_yellow_low-1.png","contentUrl":"http:\/\/blog.stratio.com\/wp-content\/uploads\/2017\/06\/flag_yellow_low-1.png"},{"@type":"BreadcrumbList","@id":"https:\/\/www.stratio.com\/blog\/rd-grant\/#breadcrumb","itemListElement":[{"@type":"ListItem","position":1,"name":"Home","item":"https:\/\/www.stratio.com\/blog\/"},{"@type":"ListItem","position":2,"name":"R+D Grant"}]},{"@type":"WebSite","@id":"https:\/\/www.stratio.com\/blog\/#website","url":"https:\/\/www.stratio.com\/blog\/","name":"Stratio Blog","description":"Corporate blog","publisher":{"@id":"https:\/\/www.stratio.com\/blog\/#organization"},"potentialAction":[{"@type":"SearchAction","target":{"@type":"EntryPoint","urlTemplate":"https:\/\/www.stratio.com\/blog\/?s={search_term_string}"},"query-input":"required name=search_term_string"}],"inLanguage":"en-US"},{"@type":"Organization","@id":"https:\/\/www.stratio.com\/blog\/#organization","name":"Stratio","url":"https:\/\/www.stratio.com\/blog\/","logo":{"@type":"ImageObject","inLanguage":"en-US","@id":"https:\/\/www.stratio.com\/blog\/#\/schema\/logo\/image\/","url":"https:\/\/stratio.com\/blog\/wp-content\/uploads\/2020\/06\/stratio-web-logo-1.png","contentUrl":"https:\/\/stratio.com\/blog\/wp-content\/uploads\/2020\/06\/stratio-web-logo-1.png","width":260,"height":55,"caption":"Stratio"},"image":{"@id":"https:\/\/www.stratio.com\/blog\/#\/schema\/logo\/image\/"},"sameAs":["https:\/\/x.com\/stratiobd","https:\/\/es.linkedin.com\/company\/stratiobd","https:\/\/www.youtube.com\/c\/StratioBD"]}]}},"amp_enabled":true,"_links":{"self":[{"href":"https:\/\/www.stratio.com\/blog\/wp-json\/wp\/v2\/pages\/13621"}],"collection":[{"href":"https:\/\/www.stratio.com\/blog\/wp-json\/wp\/v2\/pages"}],"about":[{"href":"https:\/\/www.stratio.com\/blog\/wp-json\/wp\/v2\/types\/page"}],"author":[{"embeddable":true,"href":"https:\/\/www.stratio.com\/blog\/wp-json\/wp\/v2\/users\/1"}],"replies":[{"embeddable":true,"href":"https:\/\/www.stratio.com\/blog\/wp-json\/wp\/v2\/comments?post=13621"}],"version-history":[{"count":5,"href":"https:\/\/www.stratio.com\/blog\/wp-json\/wp\/v2\/pages\/13621\/revisions"}],"predecessor-version":[{"id":14241,"href":"https:\/\/www.stratio.com\/blog\/wp-json\/wp\/v2\/pages\/13621\/revisions\/14241"}],"wp:attachment":[{"href":"https:\/\/www.stratio.com\/blog\/wp-json\/wp\/v2\/media?parent=13621"}],"curies":[{"name":"wp","href":"https:\/\/api.w.org\/{rel}","templated":true}]}}